{"id":67386,"date":"2026-09-02T22:39:57","date_gmt":"2026-09-02T20:39:57","guid":{"rendered":"https:\/\/www.girlscodetoo.ch\/?post_type=tribe_events&#038;p=67386"},"modified":"2026-09-02T22:39:57","modified_gmt":"2026-09-02T20:39:57","slug":"frilingue-girlscodetoo","status":"publish","type":"tribe_events","link":"https:\/\/www.girlscodetoo.ch\/de\/event\/frilingue-girlscodetoo\/","title":{"rendered":"friLingue x GirlsCodeToo @ Liddes \u2013 St Bernard VS"},"content":{"rendered":"<h1>Coding &amp; Pixel Art in den friLingue Herbstcamps<\/h1>\n<h2 class=\"font-claude-response-body break-words whitespace-normal\" dir=\"ltr\">Ab 27. September und\/oder 4. Oktober 2026 | Liddes\u2013St. Bernard, Wallis<\/h2>\n<p>Nimm an einem der friLingue Herbstcamps teil und lerne w\u00e4hrend 3 Nachmittage die Grundlagen von Python, um Pixel-Art und Animationen auf einem bunten LED-ImagiCharm-Schl\u00fcsselanh\u00e4nger zu erstellen! Es sind keine Programmierkenntnisse erforderlich, nur deine Kreativit\u00e4t und Neugier :)<\/p>\n<p>friLingue bietet eine gro\u00dfe Auswahl an Camps an, bei denen du mit uns programmieren kannst, darunter Sprachcamps (Deutsch, Franz\u00f6sisch oder Englisch), Mathecamp, Kreativcamp und Selbstlerncamp. Unsere Coding-Workshops finden w\u00e4hrend dieser Camps montags, mittwochs und freitags nachmittags statt.<\/p>\n<h1><img fetchpriority=\"high\" decoding=\"async\" class=\"size-medium wp-image-67395 aligncenter\" src=\"https:\/\/www.girlscodetoo.ch\/wp-content\/uploads\/2026\/08\/imagicharm_example-scaled-e1788360616497-300x284.jpg\" alt=\"\" width=\"300\" height=\"284\" srcset=\"https:\/\/www.girlscodetoo.ch\/wp-content\/uploads\/2026\/08\/imagicharm_example-scaled-e1788360616497-300x284.jpg 300w, https:\/\/www.girlscodetoo.ch\/wp-content\/uploads\/2026\/08\/imagicharm_example-scaled-e1788360616497-1024x968.jpg 1024w, https:\/\/www.girlscodetoo.ch\/wp-content\/uploads\/2026\/08\/imagicharm_example-scaled-e1788360616497-768x726.jpg 768w, https:\/\/www.girlscodetoo.ch\/wp-content\/uploads\/2026\/08\/imagicharm_example-scaled-e1788360616497-13x12.jpg 13w, https:\/\/www.girlscodetoo.ch\/wp-content\/uploads\/2026\/08\/imagicharm_example-scaled-e1788360616497-370x350.jpg 370w, https:\/\/www.girlscodetoo.ch\/wp-content\/uploads\/2026\/08\/imagicharm_example-scaled-e1788360616497-840x794.jpg 840w, https:\/\/www.girlscodetoo.ch\/wp-content\/uploads\/2026\/08\/imagicharm_example-scaled-e1788360616497-410x388.jpg 410w, https:\/\/www.girlscodetoo.ch\/wp-content\/uploads\/2026\/08\/imagicharm_example-scaled-e1788360616497-600x567.jpg 600w, https:\/\/www.girlscodetoo.ch\/wp-content\/uploads\/2026\/08\/imagicharm_example-scaled-e1788360616497.jpg 1100w\" sizes=\"(max-width: 300px) 100vw, 300px\" \/><\/h1>\n<h3 class=\"font-claude-response-body break-words whitespace-normal\" dir=\"ltr\">Infos<\/h3>\n<p class=\"font-claude-response-body break-words whitespace-normal\" dir=\"ltr\">Wann: In den Wochen ab dem 27. September und\/oder dem 4. Oktober 2026<br \/>\nWo: friLingue \u2013 Liddes St Bernard, Relais de Dranse, 1945 Liddes VS<br \/>\nWer: 8\u201318 J\u00e4hrige<br \/>\nPreis: Siehe untenstehende Details zu den friLingue Camps<\/p>\n<h3 dir=\"ltr\">Infos zu den friLingue Camps<\/h3>\n<p>Liste der Herbstcamps: <a href=\"https:\/\/www.frilingue.ch\/sprachcamps-schweiz#herbst\">https:\/\/www.frilingue.ch\/sprachcamps-schweiz#herbst<\/a><\/p>\n<p>Sprachcamps <a href=\"https:\/\/www.frilingue.ch\/jugendliche\/sprachaufenthalt-schweiz-jugendliche\/liddes-saint-bernard\/schulersprachreise-herbstcamp\">https:\/\/www.frilingue.ch\/jugendliche\/sprachaufenthalt-schweiz-jugendliche\/liddes-saint-bernard\/schulersprachreise-herbstcamp<\/a><\/p>\n<p>Mathecamp <a href=\"https:\/\/www.frilingue.ch\/jugendliche\/sprachaufenthalt-schweiz-jugendliche\/liddes-saint-bernard\/mathe-camp-st-bernhard\">https:\/\/www.frilingue.ch\/jugendliche\/sprachaufenthalt-schweiz-jugendliche\/liddes-saint-bernard\/mathe-camp-st-bernhard<\/a><\/p>\n<p>Kreativcamp\u00a0<a href=\"https:\/\/www.frilingue.ch\/jugendliche\/sprachaufenthalt-schweiz-jugendliche\/braunwald\/kreativ-camp-braunwald\">https:\/\/www.frilingue.ch\/jugendliche\/sprachaufenthalt-schweiz-jugendliche\/braunwald\/kreativ-camp-braunwald<\/a><\/p>\n<p>Selbstlerncamp <a href=\"https:\/\/www.frilingue.ch\/jugendliche\/sprachaufenthalt-schweiz-jugendliche\/liddes-saint-bernard\/selbstlern-camp-braunwald\">https:\/\/www.frilingue.ch\/jugendliche\/sprachaufenthalt-schweiz-jugendliche\/liddes-saint-bernard\/selbstlern-camp-braunwald<\/a><\/p>\n<h3>Kontakt<\/h3>\n<p>Fragen? Melde dich bitte bei <a href=\"https:\/\/www.frilingue.ch\/kontakt\">friLingue<\/a> oder schreib uns eine E-Mail an <a href=\"mailto:info@girlscodetoo.ch\">info@girlscodetoo.ch<\/a> \ud83d\udc8c<\/p>\n<h3>Anmeldung<\/h3>\n<p>Melde dich \u00fcber den untenstehenden Link f\u00fcr das Camp deiner Wahl auf der friLingue Webseite an und w\u00e4hle den \u201eCoding &amp; Pixel Art Workshop\u201c aus der Liste der Sonderworkshops im Bereich \u201eExtras\u201c aus. Bis dann! \u2728\ud83d\udc7e<\/p>\n<p><a href=\"https:\/\/www.frilingue.ch\/anmeldung-sprachaufenthalt#\/customize-your-course\">friLingue Webseite<\/a><\/p>\n<h1><img decoding=\"async\" class=\"size-full wp-image-67397 alignnone\" src=\"https:\/\/www.girlscodetoo.ch\/wp-content\/uploads\/2026\/09\/frilingue_logo_transparent_color.png\" alt=\"\" width=\"250\" height=\"250\" srcset=\"https:\/\/www.girlscodetoo.ch\/wp-content\/uploads\/2026\/09\/frilingue_logo_transparent_color.png 250w, https:\/\/www.girlscodetoo.ch\/wp-content\/uploads\/2026\/09\/frilingue_logo_transparent_color-150x150.png 150w, https:\/\/www.girlscodetoo.ch\/wp-content\/uploads\/2026\/09\/frilingue_logo_transparent_color-12x12.png 12w, https:\/\/www.girlscodetoo.ch\/wp-content\/uploads\/2026\/09\/frilingue_logo_transparent_color-120x120.png 120w\" sizes=\"(max-width: 250px) 100vw, 250px\" \/><\/h1>","protected":false},"excerpt":{"rendered":"<p>Coding &amp; Pixel Art at friLingue Autumn Camps Beginning 27th of September and\/or 4th of October 2026 | Liddes\u2013St Bernard Valais Join one of friLingue&#8217;s autumn camps and spend 3&hellip;<\/p>","protected":false},"author":4,"featured_media":67397,"comment_status":"open","ping_status":"closed","template":"","meta":{"content-type":"","_price":"","_stock":"","_tribe_ticket_header":"","_tribe_default_ticket_provider":"TEC\\Tickets\\Commerce\\Module","_tribe_ticket_capacity":"0","_ticket_start_date":"","_ticket_end_date":"","_tribe_ticket_show_description":"","_tribe_ticket_show_not_going":false,"_tribe_ticket_use_global_stock":"","_tribe_ticket_global_stock_level":"","_global_stock_mode":"","_global_stock_cap":"","_tribe_rsvp_for_event":"","_tribe_ticket_going_count":"","_tribe_ticket_not_going_count":"","_tribe_tickets_list":"[]","_tribe_ticket_has_attendee_info_fields":false,"_tribe_events_status":"","_tribe_events_status_reason":"","footnotes":"","_tec_slr_enabled":"","_tec_slr_layout":""},"tags":[],"tribe_events_cat":[],"class_list":["post-67386","tribe_events","type-tribe_events","status-publish","has-post-thumbnail","hentry"],"ticketed":false,"_links":{"self":[{"href":"https:\/\/www.girlscodetoo.ch\/de\/wp-json\/wp\/v2\/tribe_events\/67386","targetHints":{"allow":["GET"]}}],"collection":[{"href":"https:\/\/www.girlscodetoo.ch\/de\/wp-json\/wp\/v2\/tribe_events"}],"about":[{"href":"https:\/\/www.girlscodetoo.ch\/de\/wp-json\/wp\/v2\/types\/tribe_events"}],"author":[{"embeddable":true,"href":"https:\/\/www.girlscodetoo.ch\/de\/wp-json\/wp\/v2\/users\/4"}],"replies":[{"embeddable":true,"href":"https:\/\/www.girlscodetoo.ch\/de\/wp-json\/wp\/v2\/comments?post=67386"}],"version-history":[{"count":4,"href":"https:\/\/www.girlscodetoo.ch\/de\/wp-json\/wp\/v2\/tribe_events\/67386\/revisions"}],"predecessor-version":[{"id":67398,"href":"https:\/\/www.girlscodetoo.ch\/de\/wp-json\/wp\/v2\/tribe_events\/67386\/revisions\/67398"}],"wp:featuredmedia":[{"embeddable":true,"href":"https:\/\/www.girlscodetoo.ch\/de\/wp-json\/wp\/v2\/media\/67397"}],"wp:attachment":[{"href":"https:\/\/www.girlscodetoo.ch\/de\/wp-json\/wp\/v2\/media?parent=67386"}],"wp:term":[{"taxonomy":"post_tag","embeddable":true,"href":"https:\/\/www.girlscodetoo.ch\/de\/wp-json\/wp\/v2\/tags?post=67386"},{"taxonomy":"tribe_events_cat","embeddable":true,"href":"https:\/\/www.girlscodetoo.ch\/de\/wp-json\/wp\/v2\/tribe_events_cat?post=67386"}],"curies":[{"name":"WP","href":"https:\/\/api.w.org\/{rel}","templated":true}]}}

<h1>Coding &amp; Pixel Art in den friLingue Herbstcamps</h1>
<h2 class="font-claude-response-body break-words whitespace-normal" dir="ltr">Ab 27. September und/oder 4. Oktober 2026 | Liddes–St. Bernard, Wallis</h2>
<p>Nimm an einem der friLingue Herbstcamps teil und lerne während 3 Nachmittage die Grundlagen von Python, um Pixel-Art und Animationen auf einem bunten LED-ImagiCharm-Schlüsselanhänger zu erstellen! Es sind keine Programmierkenntnisse erforderlich, nur deine Kreativität und Neugier :)</p>
<p>friLingue bietet eine große Auswahl an Camps an, bei denen du mit uns programmieren kannst, darunter Sprachcamps (Deutsch, Französisch oder Englisch), Mathecamp, Kreativcamp und Selbstlerncamp. Unsere Coding-Workshops finden während dieser Camps montags, mittwochs und freitags nachmittags statt.</p>
<h1><img fetchpriority="high" decoding="async" class="size-medium wp-image-67395 aligncenter" src="https://www.girlscodetoo.ch/wp-content/uploads/2026/08/imagicharm_example-scaled-e1788360616497-300x284.jpg" alt="" width="300" height="284" srcset="https://www.girlscodetoo.ch/wp-content/uploads/2026/08/imagicharm_example-scaled-e1788360616497-300x284.jpg 300w, https://www.girlscodetoo.ch/wp-content/uploads/2026/08/imagicharm_example-scaled-e1788360616497-1024x968.jpg 1024w, https://www.girlscodetoo.ch/wp-content/uploads/2026/08/imagicharm_example-scaled-e1788360616497-768x726.jpg 768w, https://www.girlscodetoo.ch/wp-content/uploads/2026/08/imagicharm_example-scaled-e1788360616497-13x12.jpg 13w, https://www.girlscodetoo.ch/wp-content/uploads/2026/08/imagicharm_example-scaled-e1788360616497-370x350.jpg 370w, https://www.girlscodetoo.ch/wp-content/uploads/2026/08/imagicharm_example-scaled-e1788360616497-840x794.jpg 840w, https://www.girlscodetoo.ch/wp-content/uploads/2026/08/imagicharm_example-scaled-e1788360616497-410x388.jpg 410w, https://www.girlscodetoo.ch/wp-content/uploads/2026/08/imagicharm_example-scaled-e1788360616497-600x567.jpg 600w, https://www.girlscodetoo.ch/wp-content/uploads/2026/08/imagicharm_example-scaled-e1788360616497.jpg 1100w" sizes="(max-width: 300px) 100vw, 300px" /></h1>
<h3 class="font-claude-response-body break-words whitespace-normal" dir="ltr">Infos</h3>
<p class="font-claude-response-body break-words whitespace-normal" dir="ltr">Wann: In den Wochen ab dem 27. September und/oder dem 4. Oktober 2026<br />
Wo: friLingue – Liddes St Bernard, Relais de Dranse, 1945 Liddes VS<br />
Wer: 8–18 Jährige<br />
Preis: Siehe untenstehende Details zu den friLingue Camps</p>
<h3 dir="ltr">Infos zu den friLingue Camps</h3>
<p>Liste der Herbstcamps: <a href="https://www.frilingue.ch/sprachcamps-schweiz#herbst">https://www.frilingue.ch/sprachcamps-schweiz#herbst</a></p>
<p>Sprachcamps <a href="https://www.frilingue.ch/jugendliche/sprachaufenthalt-schweiz-jugendliche/liddes-saint-bernard/schulersprachreise-herbstcamp">https://www.frilingue.ch/jugendliche/sprachaufenthalt-schweiz-jugendliche/liddes-saint-bernard/schulersprachreise-herbstcamp</a></p>
<p>Mathecamp <a href="https://www.frilingue.ch/jugendliche/sprachaufenthalt-schweiz-jugendliche/liddes-saint-bernard/mathe-camp-st-bernhard">https://www.frilingue.ch/jugendliche/sprachaufenthalt-schweiz-jugendliche/liddes-saint-bernard/mathe-camp-st-bernhard</a></p>
<p>Kreativcamp <a href="https://www.frilingue.ch/jugendliche/sprachaufenthalt-schweiz-jugendliche/braunwald/kreativ-camp-braunwald">https://www.frilingue.ch/jugendliche/sprachaufenthalt-schweiz-jugendliche/braunwald/kreativ-camp-braunwald</a></p>
<p>Selbstlerncamp <a href="https://www.frilingue.ch/jugendliche/sprachaufenthalt-schweiz-jugendliche/liddes-saint-bernard/selbstlern-camp-braunwald">https://www.frilingue.ch/jugendliche/sprachaufenthalt-schweiz-jugendliche/liddes-saint-bernard/selbstlern-camp-braunwald</a></p>
<h3>Kontakt</h3>
<p>Fragen? Melde dich bitte bei <a href="https://www.frilingue.ch/kontakt">friLingue</a> oder schreib uns eine E-Mail an <a href="mailto:info@girlscodetoo.ch">info@girlscodetoo.ch</a> 💌</p>
<h3>Anmeldung</h3>
<p>Melde dich über den untenstehenden Link für das Camp deiner Wahl auf der friLingue Webseite an und wähle den „Coding &amp; Pixel Art Workshop“ aus der Liste der Sonderworkshops im Bereich „Extras“ aus. Bis dann! ✨👾</p>
<p><a href="https://www.frilingue.ch/anmeldung-sprachaufenthalt#/customize-your-course">friLingue Webseite</a></p>
<h1><img decoding="async" class="size-full wp-image-67397 alignnone" src="https://www.girlscodetoo.ch/wp-content/uploads/2026/09/frilingue_logo_transparent_color.png" alt="" width="250" height="250" srcset="https://www.girlscodetoo.ch/wp-content/uploads/2026/09/frilingue_logo_transparent_color.png 250w, https://www.girlscodetoo.ch/wp-content/uploads/2026/09/frilingue_logo_transparent_color-150x150.png 150w, https://www.girlscodetoo.ch/wp-content/uploads/2026/09/frilingue_logo_transparent_color-12x12.png 12w, https://www.girlscodetoo.ch/wp-content/uploads/2026/09/frilingue_logo_transparent_color-120x120.png 120w" sizes="(max-width: 250px) 100vw, 250px" /></h1>
